e -3*c + b = 2. List the prime factors of c.
2
Let t(v) be the second derivative of 11*v**3/6 - 31*v**2/2 - 9*v. List the prime factors of t(9).
2, 17
Let z = 551 + -347. Suppose -1828 - z = -8*i. List the prime factors of i.
2, 127
Let s = 391 + 755. What are the prime factors of s?
2, 3, 191
Let s(v) = -192*v - 708. What are the prime factors of s(-21)?
2, 3, 277
Let p = 0 - -2. Suppose 5*o - p*y - 306 = 0, 2*o + 4*y - 129 = -21. What are the prime factors of o?
2, 3, 5
Let k be (-2)/(-8)*6 + (-5)/(-10). Suppose -2*c = k*c - 124. List the prime factors of c.
31
Let i = 1572 + -420. What are the prime factors of i?
2, 3
Let f = 24 + -34. Let z = f - -14. Suppose 2*o + z*t - 38 = 0, 3*t - 4 = -5*o + 84. List the prime factors of o.
17
Let l(z) = -2*z + 225. Let v = -84 - -84. What are the prime factors of l(v)?
3, 5
Let o(z) = 13*z**3 + z**2 - z. Let h(y) = y + 10. Let d be h(-7). Let k be (1/d)/(2/6). List the prime factors of o(k).
13
Suppose 3*j = -5*a + 4322 - 1201, 2 = a. List the prime factors of j.
17, 61
Let g = -265 + 291. Let i = 2 - 0. Suppose 8 + g = i*y. List the prime factors of y.
17
Let c be -10*(-2 + 0)/(-2). Let o be ((-34)/(-10) - 3)*c. Let g = o - -10. List the prime factors of g.
2, 3
Let l = 105 - 63. Suppose 10*q - 338 = l. List the prime factors of q.
2, 19
Suppose -3*o + 3*b + 5 = o, -o = -2*b. Suppose 5*u - 8 + 1 = 2*r, 3*r - 6 = o*u. Suppose 6 + r = n. List the prime factors of n.
2, 5
Let n(o) = -o**2 - 109*o + 223. List the prime factors of n(-47).
3137
Let x = 247 + -151. Let r = 172 - x. What are the prime factors of r?
2, 19
Suppose -115*u + 113*u + 2438 = 0. What are the prime factors of u?
23, 53
What are the prime factors of 11121/12 - (7 - 87/12)?
3, 103
Let y(n) = n - 12. Let t be y(14). Suppose t*s + 3*d + 640 = 0, -15 = 4*d + 1. List the prime factors of (-1)/(-5) - s/5.
3, 7
Suppose 4*b - 1310 - 110 = 0. Suppose -7*g = -2*g + b. Let m = -24 - g. What are the prime factors of m?
47
Suppose -2*q - 176 = 3*m - 2*m, 186 = -2*q + 4*m. Let r = 161 + q. List the prime factors of r.
2, 3
Suppose -u + 4*u - 6 = 0. Let n = 3 + 1. Suppose 3*l - n*p - 39 = 53, -u*l - 5*p = -46. List the prime factors of l.
2, 7
Suppose 3*a + 12 = 0, 126 = 2*k - 4*a - 22. What are the prime factors of 3840/k - 6/33?
2, 29
Let d(w) = w**2 + 3*w - 3. Let b be (-1 - 5)*(-2)/3. Let x(u) = -u**3 + 3*u**2 + 7*u - 5. Let k be x(b). What are the prime factors of d(k)?
67
Let h(l) be the third derivative of -l**2 + 0 - 1/3*l**4 - 3/2*l**3 + 1/120*l**6 + 0*l + 1/20*l**5. List the prime factors of h(-4).
7
Let j(m) = 53*m + 14. What are the prime factors of j(49)?
7, 373
Suppose 0 = -5*t - 4*x - 7 - 0, 14 = -2*t + 4*x. Let f be (3 + (-4 - -1))/(-2). What are the prime factors of 3 + f + (-156)/t?
5, 11
Let k(u) be the second derivative of u**3 + 5*u**2 + 12*u. What are the prime factors of k(8)?
2, 29
Let l = 461 - -611. What are the prime factors of l?
2, 67
Let i(l) = l**3 + 14*l**2 - 12*l - 12. What are the prime factors of i(-6)?
2, 3, 29
Suppose 75*t - 20 = 70*t. Let i = t + 24. List the prime factors of i.
2, 7
Suppose 241 = x + 3*s, -4*s = 4*x - 598 - 326. List the prime factors of x.
2, 113
Let v be 2 - (2/1 + -3). Suppose -2*a + 9 = v. Suppose -3*z + 81 = 3*x, -5*x + a*z + 56 = -47. List the prime factors of x.
23
Let g(q) = -q**3 + 7*q**2 - 5*q + 7. Let j(r) = r + 7. Let y be j(0). Let h be g(y). Let t = -20 - h. What are the prime factors of t?
2
Suppose p + 7*h = 6*h + 2104, 2*h - 2 = 0. What are the prime factors of p?
3, 701
Let i = 585 - 259. List the prime factors of i.
2, 163
Suppose 5*b - 2*v = 320, 0 = -4*b + b + 3*v + 192. What are the prime factors of b?
2
Let p = 12 + -9. Suppose p*o - 116 = -29. List the prime factors of o.
29
Let d(o) = -24*o - 126. List the prime factors of d(-32).
2, 3, 107
Suppose 0 = -2*p + 90 - 22. Suppose 0 = o + p - 51. List the prime factors of o.
17
Let u be 3/9 + (-8)/(-3). Let n(p) be the second derivative of p**4/6 + 2*p**3/3 - p**2/2 + 54*p. What are the prime factors of n(u)?
29
Let c(f) = -f**2 - 4*f - 5. Let l be c(4). Let m = 269 + -150. Let p = m + l. List the prime factors of p.
2, 41
Let g be (1 - -18) + (0 + -2 - -4). List the prime factors of 12/(((-7)/(g/(-18)))/4).
2
Let k(y) = 2*y**3 + y**2 - 3*y + 471. What are the prime factors of k(0)?
3, 157
Suppose -2*a = -c + 9, c + 7 = -5*a - 12. List the prime factors of 350/4 + (1 + -3)/a.
2, 11
Let s(a) = -a**2 - 3*a + 2. Let l be s(-4). Let n be (0 + l)/(28/42). List the prime factors of n + (-3)/(9/(-114)).
5, 7
Let z(f) = -f**2 - 5*f + 11. Let x be z(-7). List the prime factors of 9/x + 3/(6/80).
37
Suppose -140*k = -138*k - 8. Suppose -k*r + 2*r + 208 = 0. List the prime factors of r.
2, 13
List the prime factors of 599 - (-11 - (-5 - 1)).
2, 151
Suppose -k + 2*k = -12. Let o = k + 17. What are the prime factors of (4/o)/((-6)/(-105))?
2, 7
Let p(b) = b**3 - 26*b**2 + 57*b + 34. What are the prime factors of p(27)?
2, 1151
Let k(w) = 4086*w**2 - 15*w + 15. List the prime factors of k(1).
2, 3, 227
Let g = -17 + 21. Let f be 23/(g*2/24). Suppose 5*n + 39 = o, n = -0*o - 3*o + f. What are the prime factors of o?
2, 3
Let u(a) = -a**3 - 2*a**2 - 4*a - 5. Let p be u(-2). Suppose 3*b + 221 + 45 = 2*w, p*b + 133 = w. List the prime factors of w.
7, 19
Let q(i) = 3*i - 7. Let y be q(4). Suppose 2*c + 189 = y*c - w, -4*c = -5*w - 241. What are the prime factors of c?
2
Let r(h) = -h**3 + 8*h + 659. List the prime factors of r(0).
659
Let s(x) = x**2 + 11*x + 6. Let a be s(-11). Let n be 65/15 - 2/a. Let l(o) = 8*o - 4. List the prime factors of l(n).
2, 7
Let l(j) = -4 + 3*j**2 + 6*j + 0*j**3 - 10*j**3 + 4*j**3 + 5*j**3. Let r be l(4). Suppose -r*q = 4*p - 2*p + 8, 0 = 4*p + 2*q - 14. List the prime factors of p.
2, 3
Suppose 5*g = -10*q + 6*q - 8, 0 = -2*q - 5*g - 14. Suppose -q*u + 196 = -b - 99, -2*b - 190 = -2*u. List the prime factors of u.
2, 5
Let r(l) = l**3 - 12*l**2 - 6. What are the prime factors of r(13)?
163
Let i(h) = -h**2 + 8*h - 14. Let y be i(6). Let a = y + 18. Let s = 33 - a. List the prime factors of s.
17
Suppose 0 = -u - 4*f - 18, -3*u - 16 = -u + 4*f. Suppose 5*v - 4*v + 12 = -3*s, -u*v = -s - 4. Suppose 6*q - 2*q - 100 = v. List the prime factors of q.
5
Let a be 3 + 2 - (0 - (-1 - -4)). Suppose a*s = 284 + 20. What are the prime factors of s?
2, 19
Suppose -2*z = -4*v + 2026, 10*z - 506 = -v + 11*z. List the prime factors of v.
3, 13
What are the prime factors of ((-2 + 4)/(-2))/(17/(-25959))?
3, 509
Suppose 511 - 5065 = -11*y. What are the prime factors of y?
2, 3, 23
Let k(l) be the second derivative of l**3/6 + 11*l**2 + 9*l. What are the prime factors of k(-10)?
2, 3
Let o(h) = 51*h**2 - 5*h + 1. Let f be o(3). Suppose 5*w = 110 + f. List the prime factors of w.
3, 37
Let f be 2*(-2)/2 + -2 + 2. List the prime factors of ((-90)/(-24) - f)/((-1)/(-12)).
3, 23
Suppose 4*p - 21 = 4*u + 3, -3 = 2*u + p. Let b(j) = -j**2 - 8*j - 4. What are the prime factors of b(u)?
11
Let b(s) = -2*s**2 + 5*s - 4. Let j be b(3). Let m(r) = -2*r**2 - 9*r + 9. Let d be m(j). Let x = -21 - d. What are the prime factors of x?
5
Let x(u) be the first derivative of u**2/2 + 25*u + 28. What are the prime factors of x(7)?
2
Suppose -a + 258 + 127 = 5*i, -2*a = -4*i - 840. List the prime factors of a.
2, 5, 41
Suppose 4*d - 1046 = 7026. What are the prime factors of d?
2, 1009
Let o(u) = 3*u**2 - 7*u. Let h be o(3). Let t(r) = -3*r + 21. What are the prime factors of t(h)?
3
Suppose 11*f - 7*f - 2696 = 0. What are the prime factors of f?
2, 337
Let i = -21 + 23. Suppose i*r - r = 7. Suppose -r*n = -3*n - 156. List the prime factors of n.
3, 13
What are the prime factors of 2258/4 + 1 + (-10)/(-20)?
2, 283
Let f be 3 + (-4 - (1 - 4)). Suppose v = -f*v + 150. What are the prime factors of v?
2, 5
Let c(z) = 2*z**2 + 7*z - 6. Suppose 0 = k - 5*o + 14, 3*k - 12 = -3*o. Let x be k/(-3)*(12 + 9). List the prime factors of c(x).
43
Let g(s) = -s**3 + 3*s**2 + 2*s + 10. Let m be g(4). Suppose 5*f = -4*n + 350, 104 + 82 = m*n - 3*f. List the prime factors of n.
2, 3, 5
Let u = -895 - -1939. What are the prime factors of u?
2, 3, 29
Let m be 16/10*35/14. Suppose m = 3*y + 2*n, -y - 12 = 5*n + 4. Suppose 6*c - 8 = y*c. What are the prime factors